s the highest common factor of a and r?
37
Let i(d) = d**3 + 9*d**2 - 127*d + 18. Let v be i(-10). What is the greatest common factor of 27 and v?
27
Let h be ((-3)/4)/(13/(-52)). Let x(g) = -g**2 + g + 2. Let a be x(0). Let n be a - (-16)/(-4) - -3. What is the highest common divisor of n and h?
1
Suppose -22*w - 30*w = -16588. Suppose -4 = g, -2*z - 4*g - 1 = -7. What is the highest common factor of z and w?
11
Suppose 31*o - 5*a = 32*o - 1866, o - 1806 = 5*a. Calculate the highest common factor of o and 540.
108
Suppose -17*p + 660 = -6*p. Let a be 17184/p - 8/20. What is the highest common factor of a and 52?
26
Let u = -5019 + 15490. Suppose 0 = -49*l + 11138 + u. Let t be (-195)/(-4) - 1/(-4). What is the greatest common divisor of l and t?
49
Suppose -42*p + 104 = -44*p. Let h = p - -49. Let y be 9/h - (2 + -65). What is the greatest common divisor of 40 and y?
20
Let t be (-145)/1 + (1 - (12 - 7)). Let a = t - -204. Let b(y) = 4*y - 1. Let d be b(3). Calculate the highest common divisor of a and d.
11
Let p(g) = g**2 - 4*g - 6. Let f be p(-8). Suppose -2*x = -4*h + 270, -2*x - 268 = -4*h + 2*x. Let t = -50 + h. What is the greatest common factor of f and t?
18
Suppose -3*p - p = -72. Let o = 10407 + -10383. Calculate the highest common divisor of o and p.
6
Let p(u) = -3*u - 18. Let v be p(-6). Suppose 6*c - 60 = -v*c. Let i be (-592)/(-20) + 4/10. What is the greatest common divisor of i and c?
10
Suppose -2*s + 4*p = -s + 916, -2*s + 3*p = 1832. Let h = -532 - s. Calculate the greatest common divisor of h and 32.
32
Suppose -2215*n - 576 = -2207*n. Let f be (-16216)/n + 4/72*-4. Calculate the highest common divisor of 27 and f.
9
Let n be (606/40)/((-33)/(-44))*5. Suppose p = 3*t + 42, -4*p - 4*t - n = -7*p. Calculate the greatest common divisor of p and 486.
27
Let c(u) = 51*u + 2. Let s be c(3). Let h = 413 - 408. Suppose 3*g - s = -3*v - 8, h*g - 259 = 2*v. Calculate the highest common divisor of 17 and g.
17
Let b(g) = 9*g**2 + 6*g - 6. Let w be b(-2). What is the highest common factor of w and 1557?
9
Suppose -2*q - 3*q + 10 = 0, 3*q = -4*t + 26. Suppose 0 = 8*j - t*j + 81. Let c = j - -71. Calculate the greatest common factor of 484 and c.
44
Let f(t) = -18*t**3 + 7*t**2 - 63*t - 144. Let k be f(-2). Calculate the greatest common factor of k and 22.
22
Let b be 24/(-40)*(-200)/15. Suppose 39 = b*f - 193. Calculate the highest common divisor of 319 and f.
29
Let z(u) = u**2 - 15*u + 16. Let l be z(14). Suppose -a + 44 = -j, -l*j + 29 = -3*j - 4*a. Let n = j - -52. Calculate the greatest common factor of n and 11.
11
Let k = -36 - -34. Let c be ((-2)/(-6))/(1/(-12)*k). Suppose -52 = -j + 3*t, 5*t = c*j + 8 - 108. What is the highest common factor of 5 and j?
5
Suppose 702*u - 95000 = 664*u. What is the greatest common factor of u and 400?
100
Suppose 72 = -3*c + 7*c + 2*t, -5*c = -3*t - 101. Let o = 182 - 106. What is the greatest common divisor of c and o?
19
Suppose -32*o + 45*o - 104 = 0. Let l be 16*(o - (-14)/(-2)). Calculate the highest common factor of 6 and l.
2
Suppose 4*j - 512 = -2*u, -u - 640 = -64*j + 59*j. What is the highest common factor of 1456 and j?
16
Let r(b) = b**3 + 38*b**2 + 136*b + 9. Let i be r(-4). What is the greatest common factor of i and 1368?
9
Let w = 90 + 342. Suppose -4*m = d - 7, -3*m - 7 + 16 = -3*d. Let q be w/(-1 + -1)*d. Calculate the highest common factor of q and 18.
18
Let l(v) = -v**3 - 26*v**2 + 18*v + 152. Let m be l(-28). Calculate the greatest common factor of 576 and m.
64
Let t be 39/(-9) - -4 - 4/(-12). Let m be 232/(-87)*((-3)/2 - t). Calculate the highest common divisor of 68 and m.
4
Suppose 158 + 218 = 47*w. Let b = -34 + 16. Let c be 238/3 - 12/b. Calculate the highest common factor of w and c.
8
Let d = -27 + 41. Suppose -34*q + 1260 = -d*q. What is the highest common factor of q and 18?
9
Suppose -l - 2*j + 7*j + 299 = 0, 4*l - 1215 = j. Calculate the greatest common divisor of 57 and l.
19
Let o(f) = f**2 + 2*f - 819. Let h be o(0). Let b = -733 - h. Calculate the highest common divisor of b and 43.
43
Suppose m - 17 + 16 = 0. Let k(g) = 16*g - 8. Let s be k(m). Calculate the highest common factor of 3 and s.
1
Suppose 1411*m - 1382*m - 1856 = 0. What is the highest common divisor of 528 and m?
16
Let t be (102/(-15))/(2*(-2 + (-261)/(-135))). Calculate the highest common divisor of t and 5763.
51
Suppose -40*c + 74773 = -110*c + 336223. Calculate the highest common divisor of 18 and c.
9
Let o(u) = 300*u - 9540. Let c be o(32). Suppose 0 = 5*w + 11 + 9, -4*w - 18 = -m. Suppose b - m = 13. What is the greatest common divisor of b and c?
15
Let w = 66 - 72. Let j be 4*(-3)/3 - w. Suppose -5*k + 0*k - b = -103, j*b = -4. Calculate the highest common divisor of 21 and k.
21
Suppose k - 21*m - 172 = -19*m, -5*m = 0. Calculate the greatest common divisor of k and 473.
43
Let x = -3417 - -3479. What is the greatest common divisor of x and 310?
62
Let b(c) = -2*c - 1. Let u(s) = 16*s**2 + 9*s + 6. Let x(f) = -2*b(f) + u(f). Let n be x(-2). Calculate the greatest common factor of 874 and n.
46
Suppose 5*d = 23*x - 27*x + 686, 0 = -x + 5*d + 209. Calculate the greatest common factor of 10561 and x.
179
Let h(r) = -2*r**3 + 17*r**2 - 92*r + 650. Let j be h(7). Calculate the greatest common divisor of j and 8007.
51
Suppose 3*o - 254 = 5*a - 24, 3*o = -3*a + 246. Suppose o*d = 78*d + 550. What is the highest common divisor of d and 11?
11
Let x(z) = z**3 + 40*z**2 - 131*z - 72. Let i be x(-43). Calculate the greatest common factor of 6314 and i.
14
Let z(c) be the second derivative of 2*c**4/3 - c**3 - 3*c**2 - 11*c - 3. Let q be z(-1). Calculate the greatest common divisor of q and 12.
4
Suppose -4*n - 1902 = -9*n - 2*w, 0 = n - 5*w - 375. What is the greatest common divisor of 810 and n?
10
Let c = -22663 - -22665. Calculate the greatest common factor of 3174 and c.
2
Let l(b) = -6*b**2 + 2*b + 69. Let d be l(0). Let v = -32 + 20. Let z be ((-138)/v)/((-3)/(-6)). Calculate the greatest common factor of z and d.
23
Let h be -37 + -1 + (2 - 2). Let a be ((-2)/(-3))/((-24)/18)*0. Let i = a - h. What is the highest common divisor of 19 and i?
19
Suppose -13*n = -12 - 1. Let a be 45/(-18)*(-1 - n). Suppose r + a*u = 131, 4*r + u - 775 = -r. Calculate the greatest common divisor of 12 and r.
12
Let r(a) = 4*a + 114. Let u be r(-22). Let h be 1686/36 - (u/(-12) - -2). What is the highest common factor of h and 1269?
47
Let r be -2 + (-2 - -8) + 77. Let d(y) = -y**3 + 33*y**2 + 33*y + 43. Let t be d(34). Calculate the greatest common factor of t and r.
9
Suppose -2*t + 2861 = -6*t - 5*l, 2891 = -4*t + 5*l. Let f = 789 + t. What is the highest common factor of 120 and f?
10
Let c(o) = o**3 - 2*o**2 - 6*o + 11. Let y(b) = -2*b**3 - 37*b**2 + 17*b - 34. Let w be y(-19). Let m be c(w). What is the highest common divisor of m and 1539?
19
Let h = -433 - -436. Suppose s + v = 6, 3*v = 5*s + v - 23. Suppose s*w - 74 = -a, w + 3*w - 63 = h*a. Calculate the highest common factor of w and 6.
3
Let u(h) = 2*h**2 - 17*h + 42. Let i be u(-6). Let r be (1 + -2)/((-4)/(-116)). Let f = r + i. What is the greatest common factor of f and 17?
17
Let f be ((-516)/10)/((-12)/40). What is the highest common divisor of f and 387?
43
Suppose 5*k - 1335 = -5*b, 2*k - k + 5*b - 263 = 0. Suppose 6*r - k + 52 = 0. Calculate the greatest common divisor of 9 and r.
9
Let y be 2/1 - (-3 - -1 - 2). Let s be (-34)/y + 7*12/126. Let w be 48 + ((-4)/s)/((-2)/(-5)). Calculate the highest common factor of 5 and w.
5
Let h = 3 - 27. Let s be (-15)/2*(0 + h/18). Suppose -5*k = 52 - 602. What is the highest common factor of s and k?
10
Let b(a) = a**3 - 5*a**2 + 2. Let i be b(5). Let k be i/6 - ((-3441)/(-9) + 3). Let f = 670 + k. What is the greatest common factor of f and 57?
57
Let n be (-9 - (-105)/14) + 770/20. Let s be (-146)/(-4) - (-1)/2. Calculate the greatest common divisor of n and s.
37
Let v be (1218/35 - 6)/((-45)/(-3750)). Calculate the greatest common divisor of 192 and v.
96
Suppose -564*u + 128*u = -4489056. Calculate the greatest common factor of u and 27.
9
Let a = 7629 + -7583. Calculate the greatest common divisor of a and 3013.
23
Let w = 11004 - 10976. Suppose -2*j - 66 = -5*v + 2*j, 10 = v - 4*j. C